{"id":1693,"date":"2020-05-21T20:08:45","date_gmt":"2020-05-21T20:08:45","guid":{"rendered":"http:\/\/expertosencisternas.com\/sanimkt\/?post_type=product&#038;p=1693"},"modified":"2020-09-09T20:05:42","modified_gmt":"2020-09-09T20:05:42","slug":"trajes-reusables","status":"publish","type":"product","link":"https:\/\/sanimarketecuador.com\/?product=trajes-reusables","title":{"rendered":"Trajes reusables"},"content":{"rendered":"","protected":false},"excerpt":{"rendered":"<p><span style=\"color: #EE3E3F;\"><\/span><br \/>\n<b>PARA VENTA INMEDIATA<\/b> <br \/> <a class=\"uk-button uk-button-link\" href=\"https:\/\/wa.me\/593980131127\" target=\"_blank\" rel=\"noopener noreferrer\"><span style=\"color: #EE3E3F;\" uk-icon=\"icon: whatsapp\"><\/span><b>  098 013 1127<br \/>\n<\/b><\/a> <\/p>\n<p class=\"uk-text\" align=\"justify\">Traje antifluido reutilizable para protecci\u00f3n biol\u00f3gica y qu\u00edmica. Brinda protecci\u00f3n contra qu\u00edmicos, part\u00edculas, y combustibles.\u00a0 Se puede lavar en m\u00e1quina sin suavizante ni cloro, se puede usar detergente, dura hasta 50 lavadas, sin perder las propiedades anti fluido. Talla \u00fanica<\/span><\/span><\/p>\n<p><span style=\"color: #EE3E3F;\"><\/span><br \/>\n<b>PARA ATENCI\u00d3N INMEDIATA<\/b> <br \/> <a class=\"uk-button uk-button-link\" href=\"https:\/\/wa.me\/593982584172\" target=\"_blank\" rel=\"noopener noreferrer\"><span style=\"color: #EE3E3F;\" uk-icon=\"icon: whatsapp\"><\/span><b> 098 258 4172<\/b><\/a><\/p>\n","protected":false},"featured_media":1760,"comment_status":"open","ping_status":"closed","template":"","meta":{"_acf_changed":false},"product_brand":[],"product_cat":[50,89,90,91,92],"product_tag":[],"class_list":{"0":"post-1693","1":"product","2":"type-product","3":"status-publish","4":"has-post-thumbnail","6":"product_cat-productos-desinfectantes-y-accesorios","7":"product_cat-desinfeccion-productos-desinfectantes-y-accesorios","8":"product_cat-sanitizacion","9":"product_cat-control-de-plagas-productos-desinfectantes-y-accesorios","10":"product_cat-fumigacion","12":"first","13":"instock","14":"taxable","15":"shipping-taxable","16":"purchasable","17":"product-type-simple"},"acf":[],"yoast_head":"<!-- This site is optimized with the Yoast SEO plugin v27.4 - https:\/\/yoast.com\/product\/yoast-seo-wordpress\/ -->\n<title>Trajes reusables - Sanimarket Ecuador<\/title>\n<meta name=\"robots\" content=\"index, follow, max-snippet:-1, max-image-preview:large, max-video-preview:-1\" \/>\n<link rel=\"canonical\" href=\"https:\/\/sanimarketecuador.com\/?product=trajes-reusables\" \/>\n<meta property=\"og:locale\" content=\"es_MX\" \/>\n<meta property=\"og:type\" content=\"article\" \/>\n<meta property=\"og:title\" content=\"Trajes reusables - Sanimarket Ecuador\" \/>\n<meta property=\"og:description\" content=\"PARA VENTA INMEDIATA  098 013 1127    Traje antifluido reutilizable para protecci\u00f3n biol\u00f3gica y qu\u00edmica. Brinda protecci\u00f3n contra qu\u00edmicos, part\u00edculas, y combustibles.\u00a0 Se puede lavar en m\u00e1quina sin suavizante ni cloro, se puede usar detergente, dura hasta 50 lavadas, sin perder las propiedades anti fluido. Talla \u00fanica   PARA ATENCI\u00d3N INMEDIATA  098 258 4172\" \/>\n<meta property=\"og:url\" content=\"https:\/\/sanimarketecuador.com\/?product=trajes-reusables\" \/>\n<meta property=\"og:site_name\" content=\"Sanimarket Ecuador\" \/>\n<meta property=\"article:modified_time\" content=\"2020-09-09T20:05:42+00:00\" \/>\n<meta property=\"og:image\" content=\"https:\/\/sanimarketecuador.com\/wp-content\/uploads\/2020\/05\/Trajes-reusables.jpg\" \/>\n\t<meta property=\"og:image:width\" content=\"512\" \/>\n\t<meta property=\"og:image:height\" content=\"512\" \/>\n\t<meta property=\"og:image:type\" content=\"image\/jpeg\" \/>\n<meta name=\"twitter:card\" content=\"summary_large_image\" \/>\n<script type=\"application\/ld+json\" class=\"yoast-schema-graph\">{\"@context\":\"https:\\\/\\\/schema.org\",\"@graph\":[{\"@type\":\"WebPage\",\"@id\":\"https:\\\/\\\/sanimarketecuador.com\\\/?product=trajes-reusables\",\"url\":\"https:\\\/\\\/sanimarketecuador.com\\\/?product=trajes-reusables\",\"name\":\"Trajes reusables - Sanimarket Ecuador\",\"isPartOf\":{\"@id\":\"https:\\\/\\\/sanimarketecuador.com\\\/#website\"},\"primaryImageOfPage\":{\"@id\":\"https:\\\/\\\/sanimarketecuador.com\\\/?product=trajes-reusables#primaryimage\"},\"image\":{\"@id\":\"https:\\\/\\\/sanimarketecuador.com\\\/?product=trajes-reusables#primaryimage\"},\"thumbnailUrl\":\"https:\\\/\\\/sanimarketecuador.com\\\/wp-content\\\/uploads\\\/2020\\\/05\\\/Trajes-reusables.jpg\",\"datePublished\":\"2020-05-21T20:08:45+00:00\",\"dateModified\":\"2020-09-09T20:05:42+00:00\",\"breadcrumb\":{\"@id\":\"https:\\\/\\\/sanimarketecuador.com\\\/?product=trajes-reusables#breadcrumb\"},\"inLanguage\":\"es\",\"potentialAction\":[{\"@type\":\"ReadAction\",\"target\":[\"https:\\\/\\\/sanimarketecuador.com\\\/?product=trajes-reusables\"]}]},{\"@type\":\"ImageObject\",\"inLanguage\":\"es\",\"@id\":\"https:\\\/\\\/sanimarketecuador.com\\\/?product=trajes-reusables#primaryimage\",\"url\":\"https:\\\/\\\/sanimarketecuador.com\\\/wp-content\\\/uploads\\\/2020\\\/05\\\/Trajes-reusables.jpg\",\"contentUrl\":\"https:\\\/\\\/sanimarketecuador.com\\\/wp-content\\\/uploads\\\/2020\\\/05\\\/Trajes-reusables.jpg\",\"width\":512,\"height\":512,\"caption\":\"trajereusable\"},{\"@type\":\"BreadcrumbList\",\"@id\":\"https:\\\/\\\/sanimarketecuador.com\\\/?product=trajes-reusables#breadcrumb\",\"itemListElement\":[{\"@type\":\"ListItem\",\"position\":1,\"name\":\"Inicio\",\"item\":\"https:\\\/\\\/sanimarketecuador.com\\\/\"},{\"@type\":\"ListItem\",\"position\":2,\"name\":\"Tienda\",\"item\":\"https:\\\/\\\/sanimarketecuador.com\\\/?page_id=1360\"},{\"@type\":\"ListItem\",\"position\":3,\"name\":\"Trajes reusables\"}]},{\"@type\":\"WebSite\",\"@id\":\"https:\\\/\\\/sanimarketecuador.com\\\/#website\",\"url\":\"https:\\\/\\\/sanimarketecuador.com\\\/\",\"name\":\"Sanimarket Ecuador\",\"description\":\"Productos de limpieza y desinfecci\u00f3n\",\"potentialAction\":[{\"@type\":\"SearchAction\",\"target\":{\"@type\":\"EntryPoint\",\"urlTemplate\":\"https:\\\/\\\/sanimarketecuador.com\\\/?s={search_term_string}\"},\"query-input\":{\"@type\":\"PropertyValueSpecification\",\"valueRequired\":true,\"valueName\":\"search_term_string\"}}],\"inLanguage\":\"es\"}]}<\/script>\n<!-- \/ Yoast SEO plugin. -->","yoast_head_json":{"title":"Trajes reusables - Sanimarket Ecuador","robots":{"index":"index","follow":"follow","max-snippet":"max-snippet:-1","max-image-preview":"max-image-preview:large","max-video-preview":"max-video-preview:-1"},"canonical":"https:\/\/sanimarketecuador.com\/?product=trajes-reusables","og_locale":"es_MX","og_type":"article","og_title":"Trajes reusables - Sanimarket Ecuador","og_description":"PARA VENTA INMEDIATA  098 013 1127    Traje antifluido reutilizable para protecci\u00f3n biol\u00f3gica y qu\u00edmica. Brinda protecci\u00f3n contra qu\u00edmicos, part\u00edculas, y combustibles.\u00a0 Se puede lavar en m\u00e1quina sin suavizante ni cloro, se puede usar detergente, dura hasta 50 lavadas, sin perder las propiedades anti fluido. Talla \u00fanica   PARA ATENCI\u00d3N INMEDIATA  098 258 4172","og_url":"https:\/\/sanimarketecuador.com\/?product=trajes-reusables","og_site_name":"Sanimarket Ecuador","article_modified_time":"2020-09-09T20:05:42+00:00","og_image":[{"width":512,"height":512,"url":"https:\/\/sanimarketecuador.com\/wp-content\/uploads\/2020\/05\/Trajes-reusables.jpg","type":"image\/jpeg"}],"twitter_card":"summary_large_image","schema":{"@context":"https:\/\/schema.org","@graph":[{"@type":"WebPage","@id":"https:\/\/sanimarketecuador.com\/?product=trajes-reusables","url":"https:\/\/sanimarketecuador.com\/?product=trajes-reusables","name":"Trajes reusables - Sanimarket Ecuador","isPartOf":{"@id":"https:\/\/sanimarketecuador.com\/#website"},"primaryImageOfPage":{"@id":"https:\/\/sanimarketecuador.com\/?product=trajes-reusables#primaryimage"},"image":{"@id":"https:\/\/sanimarketecuador.com\/?product=trajes-reusables#primaryimage"},"thumbnailUrl":"https:\/\/sanimarketecuador.com\/wp-content\/uploads\/2020\/05\/Trajes-reusables.jpg","datePublished":"2020-05-21T20:08:45+00:00","dateModified":"2020-09-09T20:05:42+00:00","breadcrumb":{"@id":"https:\/\/sanimarketecuador.com\/?product=trajes-reusables#breadcrumb"},"inLanguage":"es","potentialAction":[{"@type":"ReadAction","target":["https:\/\/sanimarketecuador.com\/?product=trajes-reusables"]}]},{"@type":"ImageObject","inLanguage":"es","@id":"https:\/\/sanimarketecuador.com\/?product=trajes-reusables#primaryimage","url":"https:\/\/sanimarketecuador.com\/wp-content\/uploads\/2020\/05\/Trajes-reusables.jpg","contentUrl":"https:\/\/sanimarketecuador.com\/wp-content\/uploads\/2020\/05\/Trajes-reusables.jpg","width":512,"height":512,"caption":"trajereusable"},{"@type":"BreadcrumbList","@id":"https:\/\/sanimarketecuador.com\/?product=trajes-reusables#breadcrumb","itemListElement":[{"@type":"ListItem","position":1,"name":"Inicio","item":"https:\/\/sanimarketecuador.com\/"},{"@type":"ListItem","position":2,"name":"Tienda","item":"https:\/\/sanimarketecuador.com\/?page_id=1360"},{"@type":"ListItem","position":3,"name":"Trajes reusables"}]},{"@type":"WebSite","@id":"https:\/\/sanimarketecuador.com\/#website","url":"https:\/\/sanimarketecuador.com\/","name":"Sanimarket Ecuador","description":"Productos de limpieza y desinfecci\u00f3n","potentialAction":[{"@type":"SearchAction","target":{"@type":"EntryPoint","urlTemplate":"https:\/\/sanimarketecuador.com\/?s={search_term_string}"},"query-input":{"@type":"PropertyValueSpecification","valueRequired":true,"valueName":"search_term_string"}}],"inLanguage":"es"}]}},"jetpack_sharing_enabled":true,"_links":{"self":[{"href":"https:\/\/sanimarketecuador.com\/index.php?rest_route=\/wp\/v2\/product\/1693","targetHints":{"allow":["GET"]}}],"collection":[{"href":"https:\/\/sanimarketecuador.com\/index.php?rest_route=\/wp\/v2\/product"}],"about":[{"href":"https:\/\/sanimarketecuador.com\/index.php?rest_route=\/wp\/v2\/types\/product"}],"replies":[{"embeddable":true,"href":"https:\/\/sanimarketecuador.com\/index.php?rest_route=%2Fwp%2Fv2%2Fcomments&post=1693"}],"wp:featuredmedia":[{"embeddable":true,"href":"https:\/\/sanimarketecuador.com\/index.php?rest_route=\/wp\/v2\/media\/1760"}],"wp:attachment":[{"href":"https:\/\/sanimarketecuador.com\/index.php?rest_route=%2Fwp%2Fv2%2Fmedia&parent=1693"}],"wp:term":[{"taxonomy":"product_brand","embeddable":true,"href":"https:\/\/sanimarketecuador.com\/index.php?rest_route=%2Fwp%2Fv2%2Fproduct_brand&post=1693"},{"taxonomy":"product_cat","embeddable":true,"href":"https:\/\/sanimarketecuador.com\/index.php?rest_route=%2Fwp%2Fv2%2Fproduct_cat&post=1693"},{"taxonomy":"product_tag","embeddable":true,"href":"https:\/\/sanimarketecuador.com\/index.php?rest_route=%2Fwp%2Fv2%2Fproduct_tag&post=1693"}],"curies":[{"name":"wp","href":"https:\/\/api.w.org\/{rel}","templated":true}]}}